v) = -2000*v + 7378. What is s(4)?
-622
Let j(r) = 35*r**2 + 1522*r - 777. Give j(-44).
15
Let l(g) = -2*g**2 - 13929*g - 97421. Calculate l(-7).
-16
Let j(o) = -3*o**3 + 21*o**2 + 82443*o - 577085. Determine j(7).
16
Let g(i) = 7*i**3 - 20*i**2 - 45*i + 19. Determine g(-2).
-27
Let d(p) = 30*p**2 + 86*p - 24. What is d(-6)?
540
Let x(c) = -c**3 - 24*c**2 - 51*c + 29. Calculate x(-9).
-727
Let n(t) = 440*t - 13459. Give n(31).
181
Let o(z) = 49*z - 1679. Calculate o(34).
-13
Let c(q) = -q**3 - 278*q**2 - 637*q - 23452. Calculate c(-276).
8
Let u(v) = -28*v**2 + 356*v - 74. Calculate u(16).
-1546
Let m(j) = -6*j**3 + 34*j**2 + 15*j - 55. Determine m(7).
-342
Let k(p) = -79*p + 17333. Determine k(215).
348
Let b(w) = -222*w**3 + 5*w**2 + 13*w + 4. Calculate b(-2).
1774
Let q(f) = -f**3 - 127*f**2 + 1886*f + 194480. Determine q(-130).
0
Let d(h) = 3512*h - 2542597. Give d(724).
91
Let q(v) = v**3 - 21*v**2 + 6*v + 722. What is q(19)?
114
Let p(r) = r**3 + 25*r**2 - 10*r + 16096. Calculate p(-37).
38
Let c(a) = -1973*a**2 + 39466*a - 17. What is c(20)?
103
Let h(t) = -110420*t + 21752735. What is h(197)?
-5
Let i(p) = -p**3 + 586*p**2 - 5655*p + 1936321. What is i(582)?
7
Let a(s) = -2*s**3 - 127*s**2 - 718*s + 1297. What is a(-57)?
-14
Let b(l) = -6*l**3 - 761*l**2 - 638*l - 984. Calculate b(-126).
24
Let f(p) = p**3 + 184*p**2 - 573*p - 1407. Give f(-187).
837
Let i(v) = -20*v**2 + 323*v - 1225. Calculate i(11).
-92
Let m(i) = 2*i**3 + 891*i**2 + 3969*i + 3. Determine m(-441).
3
Let g(k) = k**3 - 22*k**2 + 436*k - 12775. Determine g(25).
0
Let f(r) = -184*r**2 - 2100*r + 4205. Give f(2).
-731
Let j(v) = -v**3 + 428*v**2 + 6650*v + 78. What is j(-15)?
3
Let w(q) = -6*q**3 - 350*q**2 + 5396*q + 3. What is w(-71)?
3
Let t(j) = -j**3 + 702*j**2 + 1385*j + 16296. What is t(704)?
104
Let k(x) = 85*x + 12760. Give k(-127).
1965
Let u(f) = -23*f**3 + 175*f**2 + 265*f + 229. Calculate u(9).
22
Let g(m) = -4086*m + 112488. Give g(27).
2166
Let d(c) = 55732*c + 5294544. What is d(-95)?
4
Let m(x) = 1037*x + 43626. What is m(-42)?
72
Let x(j) = -j**3 + 12*j**2 - 1423*j + 20296. Determine x(14).
-18
Let f(w) = -w**2 + 3438*w + 55289. Determine f(-16).
25
Let u(c) = -11*c**3 - 2701*c**2 + 1237*c + 1762. Determine u(-246).
40
Let i(a) = -a**3 + 7*a**2 - 60*a - 544. Give i(-5).
56
Let z(g) = 129958*g + 389914. Determine z(-3).
40
Let i(p) = -3*p**3 + 13*p**2 - 174*p + 892. Calculate i(5).
-28
Let l(p) = -3*p**3 - 2233*p**2 - 1043*p - 222459. Give l(-744).
-3
Let d(t) = t**3 - 29*t**2 + 428*t + 9545. Give d(-11).
-3
Let w(n) = -191*n - 3170. Calculate w(-20).
650
Let u(d) = 342*d**2 + 1694*d - 69. Determine u(-5).
11
Let a(v) = 273*v**3 - 9*v**2 - 6*v + 4. Give a(-1).
-272
Let m(s) = -s**2 - 2028*s - 150234. Determine m(-77).
-7
Let l(j) = 2*j**2 - 662*j + 14135. Give l(23).
-33
Let x(m) = -1357*m - 6562. Determine x(-5).
223
Let g(m) = -2438*m + 46250. Give g(20).
-2510
Let x(q) = -24*q - 2138. Determine x(-88).
-26
Let v(d) = 33*d**3 - 9*d**2 + 176*d + 705. What is v(-4)?
-2255
Let o(t) = t**2 + 222630*t - 2003759. What is o(9)?
-8
Let a(o) = 42392*o - 2840240. Give a(67).
24
Let d(o) = -5*o**2 - 978*o - 11864. Give d(-13).
5
Let m(c) = 3706*c - 418626. Give m(113).
152
Let w(n) = -n**3 + 600*n**2 + 6954*n - 142360. What is w(611)?
3
Let w(v) = -292*v**2 + 12695*v + 6727. Determine w(44).
-5
Let w(n) = -7963*n + 47758. Give w(6).
-20
Let n(g) = -g**2 - 2552*g + 108959. Calculate n(42).
11
Let t(f) = f**3 + 110*f**2 - 265*f - 4571. Calculate t(-112).
21
Let q(i) = -2*i**2 - 10*i - 117. What is q(0)?
-117
Let j(w) = -w**2 - 4727*w - 75427. What is j(-16)?
-51
Let g(k) = -k**3 - 118*k**2 - 1369*k - 394. Determine g(-105).
26
Let a(g) = -43173*g - 21586491. Calculate a(-500).
9
Let x(a) = -a**3 + 168*a**2 + 1563*a + 72667. Determine x(179).
-7
Let o(c) = 1046118*c + 8368944. What is o(-8)?
0
Let r(h) = -h**2 + 536*h + 249712. Determine r(-299).
47
Let b(r) = -r**3 + 25*r**2 + 181*r - 986. Calculate b(30).
-56
Let d(n) = 10*n**3 + 107*n**2 + 69*n - 11. Determine d(-10).
-1
Let q(k) = -15300*k + 963921. Determine q(63).
21
Let g(l) = 8353*l + 26623. What is g(-3)?
1564
Let d(t) = -t**2 - 284*t + 74669. What is d(-450)?
-31
Let n(l) = 17133*l + 2038707. Calculate n(-119).
-120
Let j(i) = -145*i**2 - 1531*i - 8. Calculate j(-11).
-712
Let h(l) = -51*l**3 + 26*l - 11. Determine h(0).
-11
Let a(i) = 3*i**2 - 115509*i + 346529. Determine a(3).
29
Let c(a) = 710355*a - 6393175. Determine c(9).
20
Let w(f) = 2*f**3 - 65*f**2 - 276*f + 5948. Calculate w(34).
32
Let a(n) = -3*n**2 - 1925*n - 42692. What is a(-23)?
-4
Let z(f) = -f**2 - 235*f - 13613. What is z(-167)?
-2257
Let s(j) = 53*j**2 - 2221*j - 8880. Give s(-4).
852
Let v(h) = 3618*h + 10759. Calculate v(-3).
-95
Let y(b) = 2682*b + 24067. Determine y(-9).
-71
Let h(z) = -16*z**3 - 801*z**2 - 50*z - 154. Calculate h(-50).
-154
Let f(k) = -4*k**3 + 24*k**2 + 789*k + 768. Determine f(-1).
7
Let h(u) = -133*u**2 + 2672*u - 61. Give h(20).
179
Let v(u) = -29795*u + 268159. Calculate v(9).
4
Let h(l) = -13*l**2 + 95093*l - 1518162. Give h(16).
-2
Let z(n) = -9*n**2 - 440*n - 801. Calculate z(-2).
43
Let d(s) = -226*s - 15169. Give d(-69).
425
Let y(f) = -4*f**3 - 31*f**2 + 17*f + 158. Give y(-8).
86
Let f(h) = 3480013*h - 13920054. Determine f(4).
-2
Let u(k) = -69*k**2 - 10214*k - 182. Calculate u(-148).
114
Let f(k) = -163*k + 1486. Determine f(7).
345
Let n(z) = z**3 + 213*z**2 + 39*z + 3244. Determine n(-213).
-5063
Let y(l) = -l**3 - 34*l**2 + 677*l + 23952. Calculate y(-30).
42
Let c(i) = 2*i**3 - 232*i**2 + 469*i + 70. Give c(114).
1552
Let p(w) = 6*w**3 - 48*w**2 + 1096*w - 8680. Give p(8).
88
Let l(j) = 8*j**3 + 92*j**2 - 9112*j + 287. Determine l(-40).
-33
Let j(g) = 4*g**2 + 550*g + 14741. Determine j(-101).
-5
Let w(j) = 4*j**2 - 1970*j + 39591. Give w(21).
-15
Let a(u) = 51*u**2 - 1281*u - 121. Determine a(25).
-271
Let d(t) = 205*t - 12822. Determine d(77).
2963
Let j(r) = r**2 - 585*r - 5969. Calculate j(-10).
-19
Let b(w) = 26*w**2 + 36*w - 474. Determine b(-8).
902
Let q(o) = 7*o**2 + 323*o - 5. What is q(-40)?
-1725
Let r(p) = -20475*p + 286640. Calculate r(14).
-10
Let k(z) = -3*z**3 - 98*z**2 - 529*z - 9. Calculate k(-6).
285
Let u(t) = -5*t**2 + 34*t + 4948. Calculate u(35).
13
Let z(p) = -p**2 - 9*p - 432. Give z(-25).
-832
Let o(p) = p**3 + 60*p**2 + 313*p + 14. Calculate o(-6).
80
Let r(k) = -11500*k**2 - 11496*k + 3. Give r(-1).
-1
Let i(g) = -g**2 + 1741*g - 37890. Determine i(22).
-72
Let y(k) = 83822*k - 1341150. Calculate y(16).
2
Let l(h) = -2050*h + 52652. Determine l(26).
-648
Let p(b) = -b**3 - 4*b**2 - 31*b - 433. Determine p(-7).
-69
Let i(z) = -137*z**2 + 20951*z + 2334. Determine i(153).
804
Let b(a) = -15*a**3 - 4*a**2 - 53*a + 54. What is b(1)?
-18
Let v(j) = 148*j + 863. Determine v(-4).
271
Let q(c) = -8*c**2 - 121*c - 366. What is q(-11)?
-3
Let c(h) = -2*h**2 - 216*h + 61. Determine c(-83).
4211
Let o(u) = 14*u**2 - 959*u - 483. Calculate o(69).
0
Let g(k) = 18*k**2 - 1440*k - 16215. Calculate g(-10).
-15
Let s(l) = -2292*l - 4712. Calculate s(-2).
-128
Let q(p) = 6905*p + 18888. Determine q(-3).
-1827
Let y(w) = 277*w**3 + 3*w**2 + 48*w + 44. Calculate y(-1).
-278
Let y(q) = 91854*q + 459233. What is y(-5)?
-37
Let x(f) = -394334*f + 1971661. Calculate x(5).
-9
Let v(o) = -o**3 + 17*o**2 + 135*o - 2269. Give v(17).
26
Let b(i) = 2*i**3 + 179*i**2 + 301*i + 52211. What is b(-91)?
-23
Let m(a) = a**3 - 2338*a**2 - 11702*a - 3. What is m(-5)?
-68
Let b(d) = 3*d**2 - 144*d + 86. Calculate b(0).
86
Let k(y) = -1110093*y + 8880735. Calculate k(8).
-9
Let j(y) = 665311*y + 1995948. Determine j(-3).
15
Let j(g) = g**3 - 7*g**2 - 175*g + 11. Calculate j(17).
-74
Let l(u) = -2*u**3 - 22*u**2 - 128*u - 1086. Give l(-10).
-6
Let x(s) = 449*s**3 + 2*s**2 - 52*s + 52. Determine x(1).
451
Let i(r) = 2*r**3 - 64*r**2 + 23*r - 88. Determine i(31).
-1297
Let n(a) = a**3 + 20*a**2 - 6332*a - 126632. Give n(-20).
8
Let u(b) = -3044*b**2 + 386634*b - 5849. Give u(127).
-7
Let l(q) = -358*q + 20023. What is l(60)?
-1457
Let f(x) = -30126*x + 181467. What is f(6)?
711
Let t(r) = r**2 - 95*r - 14469. Give t(156).
-4953
Let p(m) = 26771*m - 750208. Determine p(28).
-620
Let b(p) = -2*p**3 - 6*p**2 